ne b(6).
11
Let d(l) be the second derivative of 0 - 2 + 5*l**3 - 9*l - 4*l**3 + 0*l**3. Calculate d(3).
18
Let z be 6/(-4)*(-1 + -1). Let v(n) be the second derivative of -1/6*n**4 + 0 + 8*n + 1/20*n**5 - 5/6*n**3 + n**2. Determine v(z).
-4
Let u(n) = -3*n - 2. Let f(r) = -13*r - 8. Let q(g) = -4*f(g) + 18*u(g). Let z be (-2)/(-3)*90/(-12). Determine q(z).
6
Let g(q) = 3*q**3 - 7*q**2 - 4*q + 4. Let l(m) = 4*m**3 - 8*m**2 - 3*m + 4. Let z(c) = -3*g(c) + 2*l(c). Suppose 0 = -38*h + 50*h - 72. What is z(h)?
-4
Let v = 116 + -119. Let n(y) = -y**2 - 8*y - 3. Calculate n(v).
12
Let v = 0 + 4. Suppose 0 = 4*n + v*s, -5*n + 5*s = s - 18. Let z(t) = -2*t - 11 + 9 + 6*t - t**2. Calculate z(n).
2
Let b(f) = -7*f**3 - 21*f**2 - 8*f - 13. Let a(w) = -3*w**3 - 10*w**2 - 5*w - 7. Let l(s) = 5*a(s) - 2*b(s). Give l(-7).
5
Let i(g) = 9*g - 22. Let s(z) = 8*z - 21. Let j(c) = -4*i(c) + 5*s(c). Determine j(3).
-5
Let f = -111 + 107. Let w(y) = 5*y + 10. Give w(f).
-10
Let w(d) = -d - 1. Let p = -405 - -411. Give w(p).
-7
Let u = 1 + -6. Let j be (-27)/(-5) - (-26)/(-65). Let b(n) = 17 + 2*n - 10 - j. Calculate b(u).
-8
Let a(s) = 2*s**2 - 1. Let b(c) = 9*c**2 + 4*c + 3. Let h(r) = 4*a(r) - b(r). Determine h(-4).
-7
Let x(q) be the second derivative of 8*q - 1/6*q**3 - 8*q**2 + 0. What is x(0)?
-16
Let t(z) = z**2 - 6*z + 6. Let g be (-16)/(-20)*(-25)/(-10). Suppose g*o = -3*o + 20. Determine t(o).
-2
Let z(f) = -f**3 + 9*f**2 - f + 12. Let s = -95 - -104. What is z(s)?
3
Let t(g) = g**2 + 6*g + 4. Let y = -4 - -11. Let z = 8 - y. Suppose z = -h + 4*i, -h - 7 = -0*i + 2*i. Give t(h).
-1
Let h(i) be the first derivative of 23 + 0*i + 7/2*i**2. Calculate h(-1).
-7
Let k(i) = i**2 + 2*i - 4. Let c(a) = -a**3 + 3*a**2 + a. Let j be c(3). Suppose j*o - 1 = -4. Let z = o + -3. Give k(z).
4
Let g(z) be the second derivative of z**6/120 - 7*z**5/60 - 3*z**4/8 + z**3/3 - 7*z**2/2 + 14*z. Let t(c) be the first derivative of g(c). Determine t(8).
-6
Let l(r) = r**3 + 7*r**2 + 4*r - 6. Suppose -4*u + 65 - 5 = -2*f, -4*f = u + 84. Let p be f/4 - (-1)/(-2). What is l(p)?
6
Let a(n) = 8*n + 88. Let x be a(-11). Let q(c) be the third derivative of 0*c**3 + 0 - 1/24*c**4 + x*c + 5*c**2. Give q(-5).
5
Let x(v) = -v**3 + 5*v**2 - 5*v + 2. Let j(d) = d**2 - 3*d - 7. Let z(o) = -3*o - 8. Let b be z(-7). Let g = b - 8. Let c be j(g). Determine x(c).
5
Let p(z) be the third derivative of -z**5/60 + z**4/3 - z**3/3 - 2*z**2 - 191. Determine p(7).
5
Let q(v) = -v**2 + 8*v + 19. Let h be ((-13)/((-78)/4))/((-1)/(-15)). What is q(h)?
-1
Let l(k) be the second derivative of -11*k**3/6 + k**2 + 130*k. Determine l(-1).
13
Let t(p) be the second derivative of -p**5/20 - 5*p**4/24 - 2*p**3/3 + 2*p**2 - 14*p. Let x(o) be the first derivative of t(o). Determine x(-3).
-16
Let d be (6/(-18))/((-2)/(-30)). Let x(p) = 2*p + 6. Let o be x(d). Let r be 14/o*(-20)/35. Let h(w) = 3*w**2 - w. Give h(r).
10
Let k be (-5)/(15/(-3) + 4). Let l = -25 + 15. Let a = l + k. Let t(y) = y**2 + 6*y - 3. Calculate t(a).
-8
Let i(t) = t**3 + 6*t**2 - 5*t - 6. Let p(c) = -42*c - 384. Let v be p(-9). Determine i(v).
24
Let m = -18 + 24. Let t be 2/(5/(45/m)). Let o(p) = 2*p - 3*p**3 + 2*p**3 + 3 + 3*p**2 - 4*p. Calculate o(t).
-3
Suppose 0 = -3*w + 2*i + 12, -3*w - 2*i = -i - 21. Let v be (3/4)/(w/(-24)). Let s(l) be the third derivative of -l**6/120 - l**5/60 + l**4/6 - l**2. Give s(v).
6
Suppose -3*z = 4*z - 42. Let w(v) = -v**3 + 7*v**2 - 7*v + 4. Determine w(z).
-2
Let j(q) = -5 - 13 - 4*q**2 - 3 + 19. Calculate j(2).
-18
Let c(k) = -6*k + 17. Let n(u) = -2*u + 6. Let y(t) = -6*c(t) + 17*n(t). Suppose -2*w + 2*v - 8 = 0, 5*w + 3*v = -5 + 25. Calculate y(w).
2
Let o(f) = 0*f - 4*f**2 + 3*f**2 + 3*f. Let n be (-8)/14 - 351/(-63). Suppose -m = -1, 2*q - 9 = n*m - 8*m. Give o(q).
0
Let h(f) be the first derivative of -f**7/140 + f**4/24 + 3*f**3 + 2. Let x(g) be the third derivative of h(g). Calculate x(-1).
7
Let t(q) = -q. Let y(p) = -3*p. Let f(k) = -2*t(k) + y(k). Suppose 6*i + 10 = 8*i. Suppose -2*s + i - 7 = 0. Calculate f(s).
1
Let w(v) = 3*v**3 + 3*v**2 + 14*v + 33. Let x(a) = a**3 + a**2 + 5*a + 11. Let b(f) = -6*w(f) + 17*x(f). Let y be -2 - (-3)/1 - 1. Give b(y).
-11
Let o(k) = 9*k - 1. Let v(p) = p**3 - 3*p**2 - 2*p + 59. Let a be v(0). Let d = 58 - a. Give o(d).
-10
Let a(b) = -1 + 1 - 1 + b. Let d be a(-5). Let r(y) = -y + 1. Calculate r(d).
7
Let r(p) = -6*p**3 - p**2. Let b = -5 + 5. Suppose -q - q + 4 = b. Let z be 5/10*q*1. Give r(z).
-7
Let w(o) = 2*o - 1. Suppose 0 = -6*l + l - 15. Let j = -87 + 80. Let b(z) = -z + 1. Let m(k) = j*b(k) + l*w(k). Calculate m(6).
2
Let v(m) = 4947*m + 35 - 2474*m - 2474*m. What is v(18)?
17
Let z(v) = v**3 + 4*v**2 - 6*v - 5. Suppose -6 = -6*d - 6. Suppose -12*a + 10*a - 10 = d. What is z(a)?
0
Let a(v) = 13*v**2 - 34*v - 29. Let d(b) = -7*b**2 + 18*b + 14. Let k(w) = 6*a(w) + 11*d(w). Calculate k(9).
7
Suppose -33*t + 78 = 12. Let y(r) = 16*r - 2. Calculate y(t).
30
Let i(g) be the third derivative of 5*g**4/24 - 4*g**3/3 - g**2 + 571*g. Give i(3).
7
Let g(y) = y**3 - 9*y**2 - 11*y - 11. Let w be (9 - 12)/(9/(-30)). Calculate g(w).
-21
Suppose -5 = 3*t - 14. Suppose 2*m = -2*m - 2*x + 22, -5 = -2*m - 3*x. Let p(h) = -h - m*h**2 + h**3 + 3 + 0 + 3*h + 2*h**2. Give p(t).
-9
Suppose 2*g + 3*r = 20, g - 25 = -4*g + 5*r. Let a be (-1)/((-1)/2) - g. Let k(i) = i + 12. Calculate k(a).
7
Let k(f) = 4*f + 19. Let x be k(-3). Suppose 4*h - 16 = -2*o, o + h - 2 = 3. Let n(r) = 8 + o*r**2 + 2*r**2 - 3*r**2 + 6*r - 2*r**2. What is n(x)?
1
Let y(x) = 2*x + 4. Suppose 0 = 10*t + 32*t + 210. Give y(t).
-6
Let v(c) be the third derivative of -c**4/24 - c**3/6 - 150*c**2. Suppose -2*j = 5*n + 12, -3*j + 0 = 5*n + 8. Determine v(j).
-5
Suppose 12 = 22*j - 19*j. Let u(m) = -m + 4. What is u(j)?
0
Let l be -3*3/6*-2. Let c(r) be the third derivative of -r**7/2520 + r**6/360 + r**5/30 + 9*r**2. Let x(i) be the third derivative of c(i). Calculate x(l).
-4
Let v(c) = 2*c - 10. Let d(i) = i**3 + 5*i**2 + 6*i + 16. Let l be d(-4). Determine v(l).
6
Let a(f) be the first derivative of -f**2/2 + 3*f - 236. Calculate a(-13).
16
Let o(r) be the first derivative of -r**4/4 + 5*r**3/3 + 3*r**2 - 4*r + 1. Let p = -4 + 102. Suppose -p*f + 102*f = 24. Determine o(f).
-4
Let m(r) = -r**2 + 13*r - 18. Let h be m(4). Let d(a) = -14 + 4*a - a**2 - 6 + h. Calculate d(3).
1
Suppose y = -2*i - 5, 5*y + 15 = -4*i - 16. Let o(p) = -2*p + 9. Let k(a) = a - 4. Let q(d) = -5*k(d) - 2*o(d). Determine q(y).
9
Let c(t) = 8*t - 1. Let o(m) = -m + 8. Let z be o(6). Suppose -2*s = -a + 1, -2*s + z*a - 9 + 3 = 0. Give c(s).
15
Let g be ((-2)/(-6))/(455/39 + -12). Let c(w) be the first derivative of -13*w**4/4 + w**2 + w + 2. Give c(g).
12
Let h(c) = 6*c**2 + 5*c + 8. Let j(o) = -5*o**2 - 4*o - 7. Let m(n) = -4*h(n) - 5*j(n). Let b be m(-3). Let l(s) = 5 + 6*s + 9*s + 2 - s**2 - b*s. Give l(5).
-3
Let m(f) = 2*f**2 + 8*f + 7. Suppose 431*s - 436*s - 30 = 0. Give m(s).
31
Let n(i) = -i + 1. Suppose 0*b - b = 6. Suppose -5*s - 7*l - 45 = -2*l, -4*l - 45 = 5*s. Let g be 9/2*b/s. Calculate n(g).
-2
Let l = -107 - -41. Let q = l - -73. Let a(u) = -u + 10. Calculate a(q).
3
Let j(u) be the third derivative of -u**6/120 + u**5/15 + 7*u**4/24 + u**3/6 - u**2 - 6*u. What is j(6)?
-29
Let v(j) be the second derivative of j**5/20 - j**4/24 - j**3/3 - 5*j. Let h(t) be the second derivative of v(t). Suppose 7 = 4*g + 3. Give h(g).
5
Let m(c) = -2*c**2 - 3*c - 6. Let v(g) be the first derivative of g**3/3 + g**2 + 3*g - 9. Let l(j) = 6*m(j) + 13*v(j). Determine l(-6).
-9
Let v(p) = p**3 + 6*p**2 - 8*p - 1. Suppose -2*i + 3*q = 11, 3*q - 6 = 4*i + 19. Calculate v(i).
6
Let i(k) = -2*k**3 + 2*k**2 - 2*k + 5. Let m be i(0). Suppose l + m*x + 4 + 7 = 0, -l + 3*x + 13 = 0. Let q(a) = a**3 - 3*a**2 - 3*a - 1. What is q(l)?
3
Suppose -107 = -8*d - 27. Let h(f) = f - 18. What is h(d)?
-8
Let n(y) = 7*y**3 - y - 15. Let i(l) = 13*l**3 - 2*l - 29. Let j(g) = -6*i(g) + 11*n(g). Suppose 7*b + b = 0. What is j(b)?
9
Let z be ((-21)/(-9) - 3)*-3. Let p(l) = z - 5 + 4*l - 3*l + 4. Calculate p(-5).
-4
Let v(x) = -x**2 - 8*x - 1. Let m(y) = -25*y + 1. Let k = 29 - 30. Let q be m(k). Suppose 4 = -2*n - 4*p, -2*n - q = n - 4*p. Determine v(n).
